46 (base 13) in base 16?
3705
Convert -3322 (base 5) to base 7.
-1230
Convert -144 (base 12) to base 10.
-196
Convert -7981 (base 13) to base 10.
-17005
What is -37186 (base 10) in base 2?
-1001000101000010
Convert -1734 (base 8) to base 16.
-3dc
What is -383 (base 10) in base 6?
-1435
Convert -451242 (base 6) to base 2.
-1001010000001010
Convert -11132120 (base 4) to base 2.
-101011110011000
Convert -8aa (base 13) to base 10.
-1492
122 (base 6) to base 15
35
-740 (base 11) to base 13
-537
What is -2139 (base 11) in base 9?
-3778
Convert 3c97 (base 13) to base 5.
234433
Convert 425 (base 16) to base 6.
4525
2755 (base 11) to base 8
6761
What is -141a (base 12) in base 5?
-33301
-914a (base 13) to base 11
-14036
3a (base 14) to base 4
310
Convert 295 (base 10) to base 4.
10213
Convert 2650 (base 14) to base 16.
1a4e
648 (base 13) to base 5
13244
438 (base 15) to base 10
953
-1275 (base 12) to base 15
-955
What is 2567 (base 10) in base 13?
1226
What is -33231 (base 8) in base 5?
-421402
What is 1a75 (base 11) in base 8?
5077
What is 2201210 (base 3) in base 5?
30432
Convert -5 (base 8) to base 16.
-5
What is 6b1 (base 14) in base 4?
110303
Convert 2a68 (base 16) to base 3.
112220002
What is a667 (base 12) in base 10?
18223
Convert 474 (base 16) to base 2.
10001110100
What is -10100001 (base 2) in base 6?
-425
20020 (base 5) to base 7
3450
What is -10100202 (base 3) in base 8?
-4622
What is -1001111011100011 (base 2) in base 9?
-61714
-38023 (base 9) to base 12
-12940
1865 (base 10) to base 12
10b5
Convert -474 (base 15) to base 16.
-3f1
-a400 (base 12) to base 9
-26440
Convert -159e (base 15) to base 6.
-33305
What is 64 (base 12) in base 16?
4c
-d842 (base 15) to base 3
-2022201222
Convert 969 (base 16) to base 13.
1134
Convert -2247 (base 9) to base 7.
-4564
32422 (base 5) to base 12
1365
Convert 2413 (base 14) to base 11.
47a8
-121000222 (base 3) to base 11
-8868
What is -3208 (base 9) in base 12?
-1445
Convert 2188 (base 9) to base 13.
977
What is 2547 (base 12) in base 7?
15223
Convert 1432 (base 12) to base 11.
183a
Convert -1555 (base 9) to base 7.
-3311
What is -122331 (base 7) in base 13?
-a2c0
What is -7373 (base 8) in base 6?
-25431
What is 153422 (base 6) in base 13?
6b18
Convert 37572 (base 8) to base 14.
5cca
-1000020222 (base 3) to base 13
-9077
What is -22210 (base 3) in base 12?
-179
What is -b4c8 (base 14) in base 12?
-16034
-121212 (base 3) to base 10
-455
Convert -21a4 (base 12) to base 9.
-5087
Convert -900 (base 13) to base 2.
-10111110001
20323 (base 8) to base 7
33333
What is -475 (base 8) in base 11?
-269
What is -133022 (base 4) in base 5?
-30434
What is -15835 (base 9) in base 2?
-10101010000110
-280c (base 15) to base 12
-4b56
What is 3005 (base 10) in base 8?
5675
What is -124 (base 11) in base 7?
-300
What is -33640 (base 8) in base 15?
-4345
Convert 114455 (base 6) to base 11.
7666
a98 (base 12) to base 7
4352
What is -6e1c (base 15) in base 3?
-1012010200
100204 (base 6) to base 10
7852
What is -18912 (base 11) in base 6?
-322103
Convert -67 (base 8) to base 2.
-110111
What is -100210 (base 4) in base 16?
-424
What is 2066 (base 8) in base 9?
1427
Convert 1043 (base 7) to base 14.
1ca
Convert -364 (base 10) to base 16.
-16c
606 (base 8) to base 6
1450
What is -34c (base 13) in base 10?
-571
36a3 (base 11) to base 16
12e0
-1586 (base 12) to base 11
-1a09
413 (base 13) to base 8
1264
What is 43455 (base 6) in base 3?
22020122
1624 (base 11) to base 10
2083
What is 201200 (base 4) in base 12?
12a8
-101021 (base 3) to base 9
-337
Convert 27a (base 13) to base 14.
235
Convert 12413 (base 7) to base 14.
12b3
What is -325 (base 10) in base 3?
-110001
Convert -6ad (base 16) to base 9.
-2308
What is 10031 (base 4) in base 14?
153
-11200211 (base 3) to base 2
-110101100000
Convert 32023 (base 9) to base 3.
1002000210
2522 (base 8) to base 14
6d4
Convert 198b (base 12) to base 14.
11d9
What is -44621 (base 7) in base 13?
-51a1
What is -1302 (base 9) in base 14?
-4d8
Convert 10010101 (base 2) to base 11.
126
Convert -327e (base 16) to base 8.
-31176
What is 3630 (base 7) in base 3?
1211210
Convert -71a9 (base 13) to base 3.
-210112000
Convert -8de (base 16) to base 3.
-10010002
What is -316 (base 14) in base 4?
-21200
Convert 1370 (base 12) to base 2.
100011000100
-2714 (base 10) to base 8
-5232
Convert 1110011110 (base 2) to base 15.
41b
Convert 300 (base 8) to base 3.
21010
What is -248 (base 11) in base 14?
-170
1320232 (base 5) to base 6
321501
What is -20a6 (base 15) in base 4?
-1223322
What is -422 (base 11) in base 4?
-13330
-b41 (base 15) to base 4
-213220
Convert 31431 (base 5) to base 3.
2220101
110 (base 5) to base 14
22
-427 (base 8) to base 11
-234
Convert 3044 (base 8) to base 12.
ab0
-177 (base 16) to base 13
-22b
What is 452 (base 13) in base 4?
23213
What is 2401122 (base 5) in base 10?
43912
Convert 3285 (base 10) to base 5.
101120
Convert -110011101100 (base 2) to base 11.
-2538
What is 813 (base 14) in base 11?
1211
What is 6314 (base 7) in base 12?
1348
214001 (base 5) to base 16
1cd0
What is 577 (base 15) in base 2?
10011010101
-20112 (base 3) to base 13
-107
What is -1010001 (base 2) in base 11?
-74
What is 8010 (base 14) in base 8?
52716
Convert 43411 (base 5) to base 13.
1484
Convert 827 (base 11) to base 16.
3e5
-7c2 (base 16) to base 6
-13110
Convert 2b (base 15) to base 6.
105
What is 120112 (base 3) in base 13?
263
-2001022 (base 3) to base 15
-698
What is -4034 (base 5) in base 3?
-201020
-13a1 (base 13) to base 7
-11160
Convert 124201 (base 6) to base 12.
6661
What is -131625 (base 7) in base 13?
-b2c5
What is 65 (base 13) in base 3?
10002
Convert 11011111101 (base 2) to base 7.
5134
Convert 2334 (base 5) to base 14.
1a8
What is -1032041 (base 5) in base 14?
-6695
What is 43344 (base 6) in base 4?
1131100
What is 739 (base 13) in base 11?
a1a
What is 100111 (base 2) in base 16?
27
241310 (base 6) to base 14
796a
What is 1422 (base 15) in base 5?
114212
What is -12020300 (base 4) in base 12?
-12668
Convert 1111011101111 (base 2) to base 9.
11768
What is 13854 (base 10) in base 6?
144050
What is -11011 (base 3) in base 11?
-a2
Convert -322 (base 13) to base 7.
-1363
Convert -5996 (base 10) to base 4.
-1131230
What is 17551 (base 8) in base 5?
224131
Convert -135a (base 16) to base 7.
-20305
What is 1110000000011 (base 2) in base 8?
16003
Convert 1a9 (base 15) to base 5.
3014
What is 60 (base 12) in base 6?
200
What is -31785 (base 9) in base 15?
-638b
Convert 283 (base 11) to base 16.
14d
What is 225654 (base 7) in base 9?
61450
What is -130 (base 10) in base 15?
-8a
What is 523 (base 12) in base 3?
1000200
Convert -25381 (base 9) to base 16.
-42bb
Convert 306 (base 10) to base 6.
1230
-3c6 (base 16) to base 15
-446
Convert -333100 (base 4) to base 2.
-111111010000
Convert -cb48 (base 13) to base 10.
-28283
What is -111011100111110 (base 2) in base 6?
-353154
-221 (base 5) to base 8
-75
What is 42320 (base 6) in base 15?
1a76
What is 125364 (base 9) in base 8?
224525
-774 (base 12) to base 14
-584
Convert -2344 (base 6) to base 14.
-2c8
Convert 1c0 (base 14) to base 5.
2424
-23020303 (base 4) to base 12
-22497
Convert -1772 (base 8) to base 3.
-1101201
What is 341404 (base 5) in base 3?
121121022
-21342 (base 5) to base 2
-10111000000
4767 (base 14) to base 3
122001201
5460 (base 8) to base 5
42424
Convert 8d49 (base 14) to base 12.
12271
356 (base 12) to base 16
1f2
Convert -5570 (base 9) to base 12.
-2469
Convert 32025 (base 6) to base 11.
3293
What is -1514 (base 6) in base 8?
-626
-101011111001 (base 2) to base 10
-2809
What is -11167 (base 9) in base 15?
-2307
What is 101111101010000 (base 2) in base 3?
1020110201
5216 (base 8) to base 3
10201002
Convert 11323032 (base 4) to base 8.
57316
Convert 115 (base 10) to base 15.
7a
What is -1b89 (base 15) in base 13?
-294c
What is 100010100111 (base 2) in base 4?
202213
What is 11120001 (base 4) in base 14?
8049
546 (base 8) to base 4
11212
Convert -3241 (base 5) to base 7.
-1205
-4215 (base 14) to base 5
-331022
Convert -157a8 (base 11) to base 8.
-53365
4443 (base 10) to base 12
26a3
Convert -1306 (base 7) to base 6.
-2144
Convert -1979 (base 12) to base 3.
-11021110
1330 (base 4) to base 9
147
Convert 231424 (base 5) to base 8.
20254
What i